(11). List the prime factors of h(k).
2
Suppose -2*j + 80 = -0*j. Let o = 73 - j. What are the prime factors of o?
3, 11
Let h(m) = -8*m + 10 - m - 3*m**2 + 4*m**2. Let v be h(8). Suppose 0 = -v*x + 8, -3*p + 5*p = -4*x + 40. What are the prime factors of p?
2, 3
Let s(o) = -o**2 + o. Let g be (20/8)/(1/(-2)). Let a be s(g). What are the prime factors of (-1 - 2)/(9/a)?
2, 5
Let p(x) = x**3 + 4*x**2 + 2*x - 1. Let w be p(-3). List the prime factors of 36/10*5/w.
3
Suppose 2*k + 3*q = -2, k - 4*q - 1 + 2 = 0. Let y = 3 + 6. Let d = y - k. What are the prime factors of d?
2, 5
Let d = 170 + -120. List the prime factors of d.
2, 5
Let a = 147 + -97. What are the prime factors of a?
2, 5
Suppose 4*u - 2*u + 5 = -a, -2*a = 2*u + 10. Let f(k) = k + 3. Let g be f(u). Suppose 5*q + 2 = -p, -2*p - 3*p + 18 = -g*q. What are the prime factors of p?
3
Let a be (0 + -6)/(3/(-2)). Suppose -119 = -3*r + 2*u, 0 = -0*u - u - a. What are the prime factors of r?
37
Suppose s + 9 = 2*o, -5*s - 15 = -0*o - 5*o. Suppose -o*t = -4*t + 42. Let u = -13 - t. List the prime factors of u.
2
Let g(u) = -u**2 - 14*u + 4. List the prime factors of g(-11).
37
Suppose 4*f = -i + 49, -1 + 2 = i. Let s = -1 + f. What are the prime factors of s?
11
Let b(s) = 4*s**2 - 10*s + 6. List the prime factors of b(4).
2, 3, 5
Let c(d) = 3*d**3 - 3*d**2 + d - 7. List the prime factors of c(4).
3, 47
Let d(t) = t**2 + 2*t. Let k be d(2). Suppose 20 = k*v - 4*v. Suppose 30 = v*h - 2*h. What are the prime factors of h?
2, 5
Let h = 7 - -5. Let m be 3/(12/8)*9. Suppose 0 = 3*v - h - m. List the prime factors of v.
2, 5
Suppose -2*j + 12 = -4*z, -2 - 4 = 3*j + 2*z. Suppose -2*m = 4*y - 18, -y - 2*y + 9 = j. List the prime factors of m.
3
Suppose 3*j - 3 = 3. Suppose -j*l = -5*l + 51. What are the prime factors of l?
17
Let l be ((-7)/14)/((-1)/4). Suppose -2*m + 1 = j + 3*m, -l*j + 5*m + 17 = 0. List the prime factors of j.
2, 3
Let a = 2 - 0. Suppose -5*m = -8 - a. Suppose m*q + 2*k - 10 = -2*k, 4*q - 13 = -k. List the prime factors of q.
3
Suppose 0 = 3*s - 2*s. Suppose 3*y - 5*t - 51 - 19 = s, 0 = -3*y - 2*t + 56. Suppose 5*d + 5*k - 15 = 20, -y = -4*k. List the prime factors of d.
2
Let k(z) = 3*z - 7. What are the prime factors of k(11)?
2, 13
Let p be (3 - 2)/(2 - 1). Let f(g) = 0 + 3 - 3 + 5*g. List the prime factors of f(p).
5
Suppose -31 + 1 = 5*b. Let d be (66/9)/(b/(-27)). Suppose u - a + 9 = 2*u, -4*u - 3*a = -d. List the prime factors of u.
2, 3
Let f(t) = 9*t + 21. What are the prime factors of f(3)?
2, 3
Let r(o) = 2*o**3 - 12*o**2 + 9*o + 17. Let y(s) = -s**3 + 6*s**2 - 5*s - 9. Suppose 12 - 1 = -b. Let d(k) = b*y(k) - 6*r(k). List the prime factors of d(6).
3
Suppose 3*v - 4*v = 8. Let o = v + 8. Suppose o = 2*u - 0*u - 34. List the prime factors of u.
17
Let y(t) = -t**3 + 5*t**2 + t + 3. Let q be y(3). Suppose -4*m - 24 = -3*i, -q + 5 = -i + 5*m. What are the prime factors of 31/i - (-2)/8?
2
Let r(a) = a - 4. Let q = -9 - -20. What are the prime factors of r(q)?
7
Let c = -7 - -18. What are the prime factors of c?
11
Let x(p) = 101*p**2 - 5*p - 3. List the prime factors of x(-1).
103
Suppose 2*p + 112 = -0*p. Let u be ((-27)/(-4))/((-21)/p). Suppose -4*h + 18 = -u. What are the prime factors of h?
3
Suppose 2*i + 10 = -2*f, 3*f = -5*i - 0*i - 19. Let a(s) = -s**3 + 7*s**2 - 7*s + 7. Let w be a(6). What are the prime factors of 8 + w + i + 1?
2
Suppose -6*r + r = -4*b - 14, b = -3*r + 22. Let v(t) = t + 7. Let w(i) = -2*i - 10. Let z(u) = -8*v(u) - 5*w(u). List the prime factors of z(r).
2, 3
Let i(s) = -s + 16. Let f be i(-7). Suppose 3*z + 2*r - f = 0, -4*z + 10 + 30 = -2*r. List the prime factors of z.
3
Let t(a) = a**3 + 11*a**2 + 8*a + 17. What are the prime factors of t(-10)?
37
Let x = 76 - 43. Let a be (-4)/(-2) + -1 + -1. List the prime factors of (x - a)*1/3.
11
Suppose 0 = -2*r + 10, -5*z + 2*r = -2*r + 215. Let v = -1 - z. List the prime factors of v.
2, 19
Suppose 2*c = 3*c - 24. List the prime factors of c.
2, 3
Let s(l) = -l**2 - 3*l. Let d be s(-4). Let o = d - -3. Let k = 8 + o. What are the prime factors of k?
7
Let o(k) = 53*k + 5. What are the prime factors of o(1)?
2, 29
Let o = -63 + 107. What are the prime factors of o?
2, 11
Suppose 5*z = -27 - 8. Let t be 2/z + 184/7. Suppose -3*y = -y - t. List the prime factors of y.
13
Let n(i) = -i**3 - i**2 + 291. List the prime factors of n(0).
3, 97
Let v(d) = 14*d - 10. List the prime factors of v(6).
2, 37
Let v(n) = -2*n - 16. Suppose 5*r + a = 18, 0*a - 2*a + 6 = 0. Let q(x) = 5*x + 48. Let o(d) = r*q(d) + 8*v(d). List the prime factors of o(0).
2
Suppose 2*i + h = 3 + 85, 0 = 3*h + 6. List the prime factors of i.
3, 5
Let g(u) = -u**2 + u + 4. Suppose -2*p + p = 0. Let j be g(p). Suppose j*q - q - 12 = 0. What are the prime factors of q?
2
Let l = 2 + 2. Suppose 2*k + 44 = l*o, 5*o + 0*k - 50 = 5*k. What are the prime factors of 32/o*3/2?
2
Let d be 2*(-2)/(-8)*0. Let i = d - 0. Suppose 4*l = i, 44 = 4*c - 2*l + 5*l. List the prime factors of c.
11
Let v be ((-2)/4)/(3/(-12)). Let x(q) = 0 - 1 + v*q + 2. List the prime factors of x(3).
7
Let j be (0 - 0)/(0 - -2). Suppose j = -3*k, 5*k = i - 5*i + 36. What are the prime factors of i?
3
Let o(d) = -6*d - 3. What are the prime factors of o(-11)?
3, 7
Let o = -65 - -120. What are the prime factors of o?
5, 11
Suppose -2*d - 3*d = -10. Suppose -d*k + 36 = 8. What are the prime factors of k?
2, 7
Suppose -5*d = -4*d + 5*w + 43, 2*d = 4*w - 114. Let a = -37 - d. What are the prime factors of a?
2
Let k = 16 - 18. Let v(n) = -n**3 - 4*n**2 + 4*n - 2. Let y be v(-5). List the prime factors of -2 - (-15 + y + k).
2, 3
What are the prime factors of (-1 - 1)/((-4)/34)?
17
Let g(i) = -i**2 + 13*i - 18. Let v be g(12). List the prime factors of v + 0 + 2 + 12.
2
Suppose 4*f = -r + 72, f = 3*f - 3*r - 22. What are the prime factors of f?
17
Let s(v) = v + 29. List the prime factors of s(-18).
11
Let l(w) = -23*w**3 - 2*w - 1. List the prime factors of l(-1).
2, 3
Let d(q) = -9*q**3 - 3*q**2 - q. What are the prime factors of d(-2)?
2, 31
Let h = -12 + 20. Let b = h - 5. Suppose 5*f + 13 = b*f + 5*z, -4*z = -5*f + 10. What are the prime factors of f?
2, 3
Let y = 343 + -174. What are the prime factors of y?
13
Let c(p) = -2*p + 2. Let a be c(4). Let m(f) = 2*f + 4. Let v be m(a). Let d = 14 + v. What are the prime factors of d?
2, 3
Let l(c) = -6*c**3 - 12*c**2 - 10*c + 3. Let y(q) = -q**3 - q**2 - q - 1. Let w(d) = l(d) - 5*y(d). Let j be w(-6). List the prime factors of 1 + j/1 + 16.
19
Let a be 1/5 - 11/5. Let x = 7 + a. What are the prime factors of x?
5
Suppose -2*u = -2*c + 3*c - 22, -u - 5*c = 7. What are the prime factors of u?
13
Suppose 2*w + 1 - 3 = 0. Let c = -6 + 4. What are the prime factors of w/(-2) + (-7)/c?
3
What are the prime factors of 6/(-21) - (-116)/14?
2
Let o = -42 + 150. What are the prime factors of o?
2, 3
Let d(f) = -6*f**3 - 11*f**2 - 8*f + 4. Let i(t) = t**3 + t**2 + t - 1. Let x(v) = -d(v) - 5*i(v). List the prime factors of x(-4).
3, 7
Let l be 75/(-2)*(-140)/21. Let g = -139 + l. Suppose 4*k - g = 3*a - 8*a, -2*k = -2*a + 30. What are the prime factors of a?
19
What are the prime factors of 328/(-6)*(-45)/30?
2, 41
Let b be (-15)/6*(-12)/15. What are the prime factors of (-318)/(-27) - b/(-9)?
2, 3
List the prime factors of (-1)/(3*2/(-894)).
149
Suppose -c + 9 = 2*c + 5*i, c = -i + 3. Suppose -2*f + 3*f - 3*l = 25, 13 = f + c*l. List the prime factors of f.
19
Let d(n) = -n**2 + 5. Let i = 4 - 4. What are the prime factors of d(i)?
5
Suppose -4*t = -5*r + 23, 21 = 5*r + 2*t - 5*t. Suppose -2*o + r*o = 9. List the prime factors of o.
3
Suppose 5*y = -128 + 563. What are the prime factors of y?
3, 29
Let u = 106 - -5. List the prime factors of u.
3, 37
Let x(j) = -25*j + 3. Let i be x(-3). Suppose -4*y - 6 = -i. List the prime factors of y.
2, 3
Suppose 3*k + 1 + 10 = 5*d, -4*d - 4 = 4*k. Let z = k + 15. What are the prime factors of z?
13
Let y = 18 + -80. Let o = y - -91. List the prime factors of o.
29
Let y = -2 - -8. Let q = 9 - y. List the prime factors of q.
3
Let f = 44 - 14. List the prime factors of f.
2, 3, 5
What are the prime factors of (-9)/6 - (-285)/6?
2, 23
Suppose 2 - 5 = -3*a + f, 0 = -3*f. List the prime factors